*y + 4*z = -3*y - 1757. What is the units digit of (-1 - y)/(4 + -2)?
5
Let g = -933 - -3947. Let x = -1523 + g. What is the hundreds digit of x?
4
Suppose 13 = -4*v + 9, 2*b - 2*v = 42684. What is the units digit of b?
1
Let b = -623 - -738. Suppose -2608 = -119*n + b*n. What is the units digit of n?
2
Suppose 79*d - 1431530 = -45*d + 71*d. What is the thousands digit of d?
7
Let c = -82 - -150. Suppose -v - 3847 = 64*b - c*b, -2*b + v = -1923. What is the tens digit of b?
6
Suppose 7 = -6*p + 1. Let d be ((-5)/5 + -5)/p. What is the units digit of 27 - (0/(-1))/(d + -8)?
7
Let v = -16789 + 23275. What is the tens digit of v?
8
Let a(p) = 25 - 8 - 2 + 50 + 39*p. What is the hundreds digit of a(30)?
2
Let v = -299 - 2765. What is the units digit of (-2 - 6)*v/16?
2
Let l be (7/(-2))/(3/(-6)). Let b = 1604 - 1608. What is the units digit of 199 - (4 - l - b)?
8
Let k(v) = 427*v - 25. Let l be k(2). Let z = l + -399. What is the hundreds digit of z?
4
Let a(s) = 2*s**2 + 43*s + 2769. What is the units digit of a(-62)?
1
Let b(o) = 241*o - 7. Suppose 11 + 38 = 7*q. Let c be b(q). Suppose 0 = -9*x - 5*x + c. What is the units digit of x?
0
Suppose -3*v + 5*k = -32, 5*k - 47 = -67. Let t(s) = 286*s - 74. What is the hundreds digit of t(v)?
0
Let t = -332 - -336. What is the tens digit of 6924/18 + t/(-6) + -1?
8
Suppose -3*m + 46433 = 2*d, -m + 6*m - 77379 = -2*d. What is the tens digit of m?
7
Let j = -214 - -196. What is the hundreds digit of (4/(-2) - 451)*j/27?
3
Suppose -59497 = -29*f + 52082 - 7411. What is the hundreds digit of f?
5
Let x = 196 + -194. Suppose x*v - 5*a - 532 = 0, 0 = -v - 5*a + 310 - 59. What is the hundreds digit of v?
2
Suppose 26 = -2*v + 202. Suppose 2*z - 49 = 2*d + 15, 3*z - v = 5*d. What is the units digit of z?
6
Let s = -5909 + 28819. What is the thousands digit of s?
2
Let h(q) = 16*q - 30. Let k be h(2). Suppose 450 = k*l + 4*f, -l - f + 201 = -5*f. What is the tens digit of l?
1
Let g(t) = -2*t**2 + 71*t - 5. Let x be g(21). What is the units digit of x/2 - (12 + -1 + -7)?
8
Suppose 5*t - 3*j = -2775, 2*t + 1109 = -5*j + 6*j. Let o = 2025 + t. What is the tens digit of o?
7
Let a(m) = -6*m**2 + 9*m**3 - 14 - 8*m**3 + 6 + 6*m. Let j be a(5). What is the units digit of 7 + (3*1 - (j + 5))?
8
Suppose 2 + 0 = v. Suppose -3*u - 5*k = -14, 8*k - 6*k - 2 = 0. Suppose -c + 3*j - 72 = -v*c, u*c + 3*j = 186. What is the tens digit of c?
5
Suppose -6*n + 8 - 68 = 0. Let h(r) = 5*r**2 - 8*r + 10. What is the hundreds digit of h(n)?
5
Let t be 10 - 11590/(-25) - 3/5. Suppose 0 = 3*a - 2960 + t. What is the tens digit of a?
2
Let l(u) = u**3 - 15*u**2 - 15*u - 20. Let q be l(16). Let o be ((-2)/q)/((-325)/(-110) + -3). Let c = 8 - o. What is the tens digit of c?
1
Suppose 0*d = 3*d + 33. Let m be (2/1)/(d/(-22)). Suppose -m*k - x + 346 = 0, -x + 4 = x. What is the tens digit of k?
8
What is the hundreds digit of (7798/9)/((-242)/(-1089))?
8
Let q(z) = -731*z**3 + 10*z**2 + 73*z + 169. What is the hundreds digit of q(-4)?
8
Let c(t) = 335*t**2 + 2*t - 1. Let a = -46 - -47. Let i be c(a). Suppose -5*x = -2*h + 170 - 588, 0 = 4*x - 2*h - i. What is the units digit of x?
2
Suppose -22 = -k + 3*j - 5, 0 = k + 2*j + 8. Suppose k*o - 18*o = -5584. What is the units digit of o?
9
What is the thousands digit of (-6993810)/(-756) - 2/28?
9
Let c = 949 - 166. Let r = 508 + c. What is the hundreds digit of r?
2
Suppose -2*y = 3*h - 10, -4 = -48*y + 47*y - 2*h. Suppose -j = 2*j + 9. What is the tens digit of y/(-12) - (5440/j)/8?
2
Suppose 0 = -7*f + 140322 - 34853. What is the units digit of f?
7
Let t(p) = p**3 - 63*p**2 + 59*p - 208. What is the tens digit of t(68)?
2
Let r(t) = 2*t**2 + 5*t + 7. Let k be (-1)/(-3) + 92/12. Let q(g) = -g**2 + 9*g - 5. Let y be q(k). What is the tens digit of r(y)?
4
Let h(f) = -232*f + 123. Let d be h(-21). Suppose -3*n + 3948 = 2*q + 926, 5*q = 5*n - d. What is the hundreds digit of n?
0
Let u be 2/(-13) - (-41202)/117. Suppose 5*p - 1066 = -3*g, -p + u = g - 0*p. What is the units digit of g?
7
Let a = 1 + 4. Suppose a*j + 30 = 35. What is the tens digit of (-86)/j*45/(-18)?
1
Let f(q) = -2*q**3 + 3*q**3 - 2*q + 2*q**2 - 27 + 25. Let o be f(-2). Suppose -o*l + 4*l - 112 = 0. What is the tens digit of l?
5
Let b(o) = o**2 + 11*o + 41. Let p be b(-9). Suppose -18*y + p*y + 1478 = 2*s, 4*y + 3712 = 5*s. What is the tens digit of s?
4
Suppose -3*j + 1026 + 646 = p, -4*j + 2224 = 4*p. Suppose -3*k - 1721 = -5*x, 2*x = k + 131 + j. What is the tens digit of x?
4
What is the thousands digit of 9006 - 10*((-192)/30 - -7)?
9
Let r = -44 + 48. Suppose -2*v + 240 = -4*n, -466 = -r*v + 11*n - 10*n. What is the hundreds digit of v?
1
Let n = 801 + -798. Suppose 0 = -c + n*c + 5*y - 3834, 7640 = 4*c + 3*y. What is the units digit of c?
7
What is the tens digit of (-3)/7 + (-120)/(-35) + 2 + 43797?
0
Suppose 5*r - 9668 + 2614 = -f, 4*r = -5*f + 35354. Suppose 27*b - f = 9*b. What is the hundreds digit of b?
3
Let c(q) = q + 15. Let n be c(-7). Suppose -t - 12 = -4*t, 1055 = -5*b + 5*t. What is the units digit of (b/(-12))/(6/n)?
3
Let r(w) = -3*w**3 + 2*w**2 + 2*w + 1. Suppose -6*v + 16 = -14*v. What is the units digit of r(v)?
9
Let z(p) = 9282*p**2 + 59*p + 100. What is the units digit of z(-2)?
0
Let w(o) = -217*o - 38. Let v be w(-11). Suppose 10*g = g + v. What is the units digit of g?
1
Let x(v) = 3*v - 17. Let k be x(4). Let i = k - -572. What is the tens digit of i?
6
Let y(p) = 5*p + 0*p**2 + p**2 - 2 - 1 + 9 - 3*p. Let z(j) = j + 2. Let i be z(4). What is the units digit of y(i)?
4
Suppose 0*f + 5*f - 430 = 0. Suppose 3*d + 4 + 2 = 0, -2*d + f = s. Let p = s + -53. What is the units digit of p?
7
Suppose -2*z + 145 = -3*z. Let q = 971 + z. Suppose 4*n = -4*k + 828, 4*k + 0*k + 5*n = q. What is the hundreds digit of k?
2
Suppose -f - 232 = -x + 1350, -5*x = 4*f - 7910. Suppose 3*z - r = 8*z - x, -5*z = 4*r - 1573. What is the tens digit of z?
1
Let t be 0*(13/18 - 2/9). Let q be (t - -2)/(-6) - 1896/(-72). Suppose -q = -z + 110. What is the units digit of z?
6
Let j be 683694/135 + (-2)/5. Suppose -y + 3205 = -5*k - 3124, -4*k - j = -y. What is the hundreds digit of (-308)/(-49) + -6 - k/7?
1
Let k(o) = -441*o**3 + o - 1. Let v(s) = s**2 - 12*s - 161. Let u be v(-8). What is the tens digit of k(u)?
3
Let s(p) = 54*p + 347. Let q be s(-9). Let c(t) = 28*t - 6. Let a be c(-7). Let z = q - a. What is the units digit of z?
3
Let o(t) = 2748*t - 295. What is the hundreds digit of o(4)?
6
Let x(o) = 3109*o - 1713. What is the units digit of x(4)?
3
Suppose 2262815 - 213361 = 282*q - 7939550. What is the hundreds digit of q?
4
Let x(d) = 215*d**2 + 122*d + 692. What is the hundreds digit of x(-6)?
7
Suppose -21542 = -24*a + 93130. What is the tens digit of a?
7
Let g(s) = 3274*s - 99. What is the hundreds digit of g(1)?
1
Suppose 3*r = 2*a - 102 + 113, -2*r - 5*a + 1 = 0. Suppose 12*x + r*s = 14*x - 136, 5*s = 2*x - 144. What is the tens digit of x?
6
Let m be (7/(-3))/(-7*(-1)/(-5334)). Suppose 11*w - 6*w = -2*p + m, 5*w - 889 = -p. What is the tens digit of p?
8
Let w(i) = -i**3 - 2*i**2 - 18*i + 9. Suppose 2*q - 11 = 5*n, -4*q + 2*n - 11 = -q. What is the tens digit of w(q)?
8
What is the units digit of 1/(-13) + 23173056/2496?
4
Let f(w) = -9860*w**2 - 7. Let k be f(2). What is the hundreds digit of 3/8 - k/216?
1
Let a be (48/40)/((-4)/10). What is the hundreds digit of (4137/a)/(1/(4 - 5))?
3
Let t(k) be the second derivative of -k**4/12 + 11*k**3/2 + k**2/2 - 22*k - 3. What is the tens digit of t(32)?
3
What is the hundreds digit of 0 - (-3)/(-33) - 2524115/(-605)?
1
Let l = 21398 + -15162. What is the tens digit of l?
3
Suppose 5*s - t - 55283 = 0, -s + 11065 = -152*t + 156*t. What is the tens digit of s?
5
Let f(j) = -6*j - 10. Let o(z) = 24*z + 39. Let h(x) = 9*f(x) + 2*o(x). Let s be h(-13). Suppose 4*l = 7*l - s. What is the tens digit of l?
2
Let c be (-11)/(-88) + 79/8 + 3. Let w(a) = -2*a**2 + 27*a + 14. What is the units digit of w(c)?
7
Suppose -3*h = g - 2 + 7, -3*h - 26 = -2*g. Suppose -602 - 6580 = -g*d. What is the units digit of d?
6
Let x(f) = -2525*f + 361. What is the thousands digit of x(-5)?
2
Let d(k) = 15635*k + 15104. Let i(j) = -59*j - 57. Let u(q) = 2*d(q) + 531*i(q). What is 